- -55) + (1 - 36).
-16
Evaluate (3 - (-12 - -24)) + 4.
-5
What is the value of -10 + 25 + -25 + -1?
-11
What is the value of 30 - (22 - -30 - 16)?
-6
What is 15 + (2 - -1 - 9) - 3 - 12?
-6
What is 1 + 10 - (341 - 326)?
-4
11 + -2 + -12 + 11 + 0
8
What is the value of (-5 + 11 - (19 + 4)) + 6 + -2?
-13
Evaluate (-3 - -21) + -5 + -5 + (-1 - -5).
12
What is the value of -1 - -5 - (-5 - -1 - (3 - 13))?
-2
Calculate -5 + 3 - (9 - (0 - -9)).
-2
Evaluate 14 + -38 + 8 + 6.
-10
Calculate 41 - (36 + (14 - 1)).
-8
What is 1 + (5 - (3 - (3 + (-1 - 3))))?
2
Evaluate (-19 + 1 - -17) + 1 + 3.
3
Calculate 3 - 9 - (-5 + -1 + 17 - 2).
-15
What is the value of -44 - 19 - -63 - (-6 + (1 - 0))?
5
1 + (21 - (-3 + -15) - (11 + 0))
29
Calculate 8 - -1 - ((4 - -8) + -12).
9
What is the value of -32 - 6 - (-83 + 65)?
-20
13 - (-29 - -20) - 14
8
Calculate -18 - -3 - (0 - 26).
11
33 + -75 + 4 + 14
-24
What is the value of 3 - ((-23 - -6) + 9)?
11
-11 + (-1 + 19 - 7) + -5
-5
What is -3 + 3 - (-23 - -10)?
13
What is 0 + -9 - ((5 - -3) + (-175 - -145))?
13
What is (-58 - -81) + (7 - 27)?
3
-1 - 6 - (12 - (7 - (-9 - 4)))
1
-14 + -1 - (-238 + 232)
-9
What is 2 + 5 - (4 + 1 + 9 + 10)?
-17
What is the value of -4 + 7 + 17 + -3 + 4 + -6?
15
Calculate 4 - (-19 - -36) - 14.
-27
3 - (-157 - -151 - (0 + 3))
12
What is (-13 - -1 - (-47 - -31)) + -10?
-6
What is -3 + 10 - (-5 + 6 + 1)?
5
Calculate (-50 - -31) + 2 + -2 + (-2 - -2).
-19
What is -27 + 8 + 15 - -5?
1
Calculate -7 + -2 - -1 - ((-11 - -26) + -7).
-16
-14 - (-25 - -27 - 38)
22
What is the value of (-2 - (-49 + 56)) + -7 + (1 - 0)?
-15
What is 27 + (-7 - -3) + (4 - 10)?
17
Calculate -41 + 44 - (-10 - (1 - -1)) - 6.
9
Evaluate 7 + (-9 + 21 - 5).
14
What is the value of -89 + 98 - (3 + (-1 - -7)) - -9?
9
Calculate -3 - ((-15 - 18) + 15).
15
Calculate -2 - (11 + 12 - 2).
-23
Evaluate 19 + (-11 + 3 - (-17 + 8)) + 1.
21
Evaluate (-6 - (0 - 4) - -3) + -6.
-5
What is the value of -10 + 32 + -26 + 15?
11
Evaluate 17 - (42 - (-6 + 24)).
-7
What is (6 - 3 - 1) + (6 - (25 + -5))?
-12
-7 + (13 - 11) + 10 + 26
31
Calculate 11 + (0 - -21) + -19.
13
What is (-10 - (-1 - -10)) + (-6 - 3) + 2?
-26
-153 + 150 - ((-8 - (4 + -2)) + 2)
5
What is the value of -13 - ((15 - -2) + -65)?
35
What is the value of -2 + (-10 - -4) - ((-8 - -20) + -17)?
-3
Calculate 23 + -40 + -4 + 25.
4
2 + (-10 - -6 - 2) - -14 - -26
36
What is the value of (0 - 3) + -21 + 32 - 0?
8
Evaluate -8 + (-6 - (7 + (-12 - 1) + -24)).
16
Evaluate 12 + (-3 - -5) - (4 + 0 - 5).
15
Calculate (-1 - (-35 + 2)) + 2 + (-27 - -25).
32
Evaluate 8 + 0 - (28 - (41 - 23)).
-2
Calculate 74 - 59 - (-8 + 49).
-26
-1 + -24 - (285 - 292)
-18
Calculate 1 + -1 - (10 + -18) - (76 + -68).
0
What is the value of 2 + -12 + 5 + 13?
8
What is ((10 - 7) + -33 - -10) + -13?
-33
What is the value of -1 - 9 - -1 - (-4741 - -4735)?
-3
Evaluate (34 - 0) + 103 + -80 + -2 + -30.
25
-8 + (-10 + 14 - ((0 - -10) + -3))
-11
Evaluate 7 - (-8 - (14 + -21 + 5)).
13
What is 23 - 2 - (9 + (-17 - -6) + 4)?
19
What is the value of 0 + (2 - 4) - (9 - 3 - 7)?
-1
Calculate -22 + (-1 - (-15 - 16)).
8
Calculate -10 + (-12 - (7 + (3 - 18))).
-14
Evaluate (4 - (14 + -9)) + 3 + -2.
0
Calculate (-26 + 0 - (-58 + 47)) + 2 + 0.
-13
Evaluate 7 - ((-1 + 3 + 3 - 7) + 2).
7
-21 - (-7 + -1 + -5)
-8
Calculate 22 + (-3 + -72 - -28).
-25
6 + 7 + -16 + (-1 - (-1 - -3))
-6
Calculate (0 + 3 - -1 - -7) + -50 - -11.
-28
1 - 0 - (20 + (-43 - -29)) - -30
25
Evaluate 970 - 951 - (-2 - -1).
20
(8 - (-6 + (3 - 1 - -6))) + 5
11
Evaluate -35 + -31 + (119 - 37).
16
What is the value of 0 + -9 + (34 - 51) + 31?
5
Evaluate 9 + (-10 - (0 - -7)) + 6.
-2
((3 - 3) + 3 - (-199 - -196)) + -27
-21
Evaluate (-2 - 8) + 13 + -15.
-12
Evaluate 6 + (-5 + 0 - (-43 + 46)) + 9.
7
What is (-396 - -394) + -1 + (0 - 0) + 12?
9
Calculate -12 + (4 + -2 - ((-27 - -12) + 9)).
-4
(-9 + -3 - -10) + 11
9
Calculate -24 + (7 + 21 - 13).
-9
Evaluate 4 + -4 - (13 + -18 - (-1 - 7)).
-3
Calculate 6 + (5 - (5 + (2 - 4) + 7)).
1
Evaluate -9 - (-1 + 9 + -15 + 2).
-4
(4 + 2 - 3) + -17 + 7
-7
(4 - (-4 + 26)) + (0 - -7)
-11
What is -9 + -1 - (7 - 11 - 6)?
0
Evaluate -3 + 2 + 6 - 5 - (1 - -10).
-11
What is the value of -4 + -1 + 3 + -14?
-16
Calculate -5 + (-9 - -16) + -5 + (5 - -1).
3
What is the value of 14 + (-62 - -41) + 3?
-4
What is the value of -19 + 61 - 27 - 0?
15
Evaluate (0 - (-22 - -22)) + (2 - 0).
2
What is 1 + 22 - (-6 + 49)?
-20
Evaluate -7 - (-10 + 6 + -5 + 4).
-2
Evaluate (-3 - (1 - 2)) + (-4 - (-4 - 7)).
5
Evaluate (8 - 10) + (-6 + 12 - 0).
4
(-2 - 2) + -4 + (3 - (-9 + 15))
-11
What is the value of -6 + -9 + (-9 - (-12 - 8))?
-4
Evaluate 4 - (-6 - (-2 + 2)).
10
What is the value of -9 + (4 + -1 + 5 + 0 - 9)?
-10
Calculate (-37 - (-139 - -46)) + (-17 - 2).
37
-9 + (-12 - (-5 + -4) - -5)
-7
Calculate 1 + -8 - 11 - -12.
-6
-28 + 13 + 14 + (-3 - 22)
-26
What is 11 + 2 - (5 - -14)?
-6
What is the value of (-5 - -15) + -3 + -4 + (-47 - -35)?
-9
What is 35 + -40 + 3 + (2 - 2 - 4)?
-6
What is the value of (-15 + 17 + -19 - (1 - 0)) + 2?
-16
What is the value of 112 + -108 + (6 - 5)?
5
10 - (4 + 7 + -3) - -35
37
What is -27 - (34 + -59 + -6)?
4
What is -645 + 636 + (0 + 0 - -3)?
-6
What is the value of -6 + (49 - 18) + (-12 - -3) + -10?
6
What is (165 - 167) + -28 + 1 + -3?
-32
Calculate -1 + 4 - -1 - (3 - 9).
10
What is the value of 24 + -2 - (6 - (-8 + 8 - 2))?
14
3 + -15 + 0 - (23 + -22 + -7)
-6
What is the value of 25 - (0 + 16 + -87 + 80)?
16
What is the value of 4 + -1 - 3 - (14 + -11 + -7)?
4
21 - 41 - (6 - 14)
-12
Evaluate -1 + (-12 - -11) + 18 + -4.
12
Evaluate 3 - ((9 + -2 - (13 - -5)) + 2).
12
What is 10 - (-6 - -19 - (-18 + 16))?
-5
Evaluate 14 - (-9 - 7 - -36).
-6
Calculate (8 - -5 - -8) + -14 + 6.
13
Calculate -6 + (1 + -16 + 8 - -4) + 6.
-3
What is the value of (26 + 3 - 30) + (-2 - -2 - 18)?
-19
166 + -189 + (40 - -4)
21
Evaluate 13 + (-19 - -6) - -16.
16
Calculate 5 + (-42 - (21 + -51)).
-7
What is 1140 - 1132 - ((1 - 3) + (1 - 3))?
12
What is the value of (-33 - -111 - 65) + (-22 - 1)?
-10
Calculate 2 + -3 - (15 + -6 - 7).
-3
What is -10 + -11 - -10 - ((-1 - 0) + 2)?
-12
Evaluate -35 - (29 + (7 - 54)).
-17
Evaluate -7 + 25 + (5 - (-4 + 2)) + 6.
31
-2 + 4 + 6 + -1
7
Calculate (1 - 1) + -3 + -342 + 352 + -7.
0
What is (-41 - (-11 - -1) - 9) + 14?
-26
What is the value of -7 + (5 - (3 - (7 + -3))) + 15?
14
Calculate 7 + (4 + (3 - 4) - (-9 - -11)).
8
Calculate (-9 + 1 - (8 + 1)) + 10.
-7
Calculate (34 + 9 - 33) + 13 + -2.
21
What is the value of 14 + 7 + -15 - (-2 + (-2 - 1))?
11
Calculate (-1 - -1) + -5 + -11 + 8.
-8
Calculate 5 + -41 - (-77 + 68).
-27
What is the value of 8 + -14 + 20 + 4?
18
What is the value of (39 - 0) + -2627 + 2585?
-3
Evaluate (-1 - 3) + (-20 + 9 - -28).
13
Calculate -9 - (1 - -14 - 23).
-1
What is -34 + (20 + -10 - -2)?
-22
Calculate -13 + -11 + 16 + (1 - -2 - -3).
-2
-9 + (-10 - -18) + 11 + 8
18
21 + 15 + (-9 - (3 + 0 + -9))
33
What is the value of -3 - (-6 + (28 - 21))?
-4
What is the value of -1 - (-5 + 2) - (7 - (-7 - -21))?
9
Evaluate 5 + (4 - 7) + (20 - 28).
-6
-4 + 7 - (14 - 12) - (-2 - 1)
4
Calculate (-13 - -19) + 14 - 16.
4
-4 + 3 + -1 + 14 + -7
5
What is the value of (15 - (37 + -11)) + 11?
0
Calculate -1 + -16 - (191 + -208).
0
(-6 - 4 - -4 - 12) + (2 - 6)
-22
29 + -13 + -3 - -5
18
Evaluate (-2 - (-1 - (-3 - 0))) + (78 - 102).
-28
71 - 49 - (11 + 30)
-19
What is the value of -988 - -963 - (-2 + -6)?
-17
-8 + 16 - (-3 + 8 + 2)
1
What is the value of (7 - ((0 - 2) + 2)) + (2897 - 2916)?
-12
Calculate (-137 - -159) + -15 + -3.
4
1 - 8 - (3 - 7 - -2)
-5
Calculate 1 + -14 + 32 + -2.
17
What is (6 + 13 - 73) + 26?
-28
What is the value of 1 + (-11 + -8 + 17 - (2 - 2))?
-1
2 + 16 + -13 + -1
4
Calculate 2 - (16 - 17) - (23 + 5).
-25
Evaluate (-2616 - -2613) + (22 + 1 - 0).
20
Evaluate 17 + -17 + 2 + -5 - -21.
18
What is 12 - -5 - (53 + -56 + (-1 - -10))?
11
(-1 - -5 - (-1 - -1)) + -24 + 15
-5
11 - (34 - (-37 + 91))
31
What is (-10 - 11) + 7 + -18 + 0?
-32
Evaluate -24 + (34 + -7 - 41).
-38
(-2 - 15) + -14 + 20 + 16
5
Calculate -11 - (18 + (11 - (5 + 11)) + -8).
-16
Calculate (-96 - -95) + 0 + 25 - 1.
23
(2 - -4) + -12 + 2 + 0
-4
What is -17 - (11 - (4 - -1) - 10)?
-13
What is 8 + -23 + (4 - (10 + -5)) + -4?
-20
What is the value of (-40 -